0, -m - 5*z = -15. What are the prime factors of m?
3, 5
Suppose -56*v = 4*z - 61*v - 18579, 3*z + v - 13939 = 0. What are the prime factors of z?
2, 23, 101
Let t(o) = -o**3 + 11*o**2 - 8*o + 13. Let l be t(10). What are the prime factors of l*(60/(-9))/(-5)?
2, 11
Suppose 2*s = z + 3*s - 12, 0 = -2*s + 10. Let k be (0 - -48) + (z - 9). Let f = -24 + k. What are the prime factors of f?
2, 11
Let s be ((-10)/(-4))/((-7)/(-42)). Let y be ((-10)/s)/((-4)/(-30)). What are the prime factors of (-4)/(-1) - (y + -7)?
2
Let z = 18 + -23. Let m = z + 7. List the prime factors of ((-340)/(-25))/(m/5).
2, 17
Let f = -965 - -1469. List the prime factors of f.
2, 3, 7
Let r(y) = 11*y + 225. List the prime factors of r(-12).
3, 31
Let x be 0*(-1 + 3/6). Suppose 32*z - 27*z - 545 = x. What are the prime factors of z?
109
Let m = 101 + -111. Let a(z) = -z**3 - 3*z**2 - 4*z. Let r be a(-3). Let i = m + r. List the prime factors of i.
2
Let m be (-11 - 1)*1/(-1). Suppose 3*g - 6 = g. Suppose i + g - 22 = -5*h, -4*h = 4*i - m. List the prime factors of h.
2
Suppose 2*k = -3*v + 15 - 4, -3*v = -4*k - 5. Suppose v*j - 7*j + 260 = 0. Suppose 0 = 5*i - 4*q - j, i + 3*i = -q + 31. List the prime factors of i.
3
Let v be 6/2 + (-5 - -1). Let j be 12 + 2 + v + 0. What are the prime factors of j/(-1 - -4 - 2)?
13
Suppose 2*l + 969 = 3*l + 5*n, -3*n = 4*l - 3910. What are the prime factors of l?
11, 89
Let v be ((-1464)/20)/(10/(-25)). Let h = -69 + v. What are the prime factors of h?
2, 3, 19
Let a(h) = 11*h - 2. Let t be a(27). Let g = 491 - t. List the prime factors of g.
2, 7
Suppose 7 - 22 = -5*z. What are the prime factors of ((-56)/(-4) + z)*4?
2, 17
Let q = -13 - -43. Let j = 299 + -302. What are the prime factors of q/(j/12 + 1)?
2, 5
Let t be (-15)/(-6)*(7 - 5). Suppose 9*p - t*p - 600 = 0. What are the prime factors of p?
2, 3, 5
Let z(j) = 8*j**2 - 146*j + 19. List the prime factors of z(-9).
7, 283
Suppose 3*o = -5*o + 144. What are the prime factors of o/81 - (-1202)/18?
67
Let w be (4*(-3)/7)/(6/(-21)). Suppose -w*x = x - 553. What are the prime factors of x?
79
Suppose -2*l = 4*k - 1448, -691 - 41 = -2*k - 3*l. Suppose 8*j = 5*j - k. Let t = -86 - j. List the prime factors of t.
2, 17
Let t(w) = -9*w + 68. What are the prime factors of t(-29)?
7, 47
Suppose 4*s - 3*s - 45 = -2*b, -4*b + 2*s + 70 = 0. What are the prime factors of b?
2, 5
Suppose -5*w - 368 = -9*w. Let t = w + -30. What are the prime factors of t?
2, 31
List the prime factors of (3 - 24/6)*(0 + -537).
3, 179
Let d be 24/(-10)*26*(-1 - 4). Suppose 0 = -6*k + 2*k - 2*j + 340, 0 = 4*k - 5*j - d. List the prime factors of k.
83
Suppose 2*p = 3*g + 1999, 186 = 6*p + 5*g - 5853. List the prime factors of p.
2, 251
Suppose -4*x - 6 + 45 = s, -3*x = 4*s - 13. Let l = x - 5. List the prime factors of 1/2 + 231/l.
3, 13
Let o(b) = 2*b**2 - 24*b - 27. What are the prime factors of o(17)?
11, 13
Suppose -4*u - 5*g = -g, 2*g = 2*u + 12. List the prime factors of (148/10)/(u/(-15)).
2, 37
Suppose 3*v + 3*b = -60, -2*v + 3*b - 11 = 19. Let h = 10 - v. What are the prime factors of h?
2, 7
Let b be 4*(-3)/6 + 5. Suppose -32 = -b*t + 13. What are the prime factors of -55*(-1 + 9/t)?
2, 11
What are the prime factors of (-2)/(-4) - 22/((-924)/106995)?
2, 7, 13
Let q = 10 - 1. Let j = q - 6. Suppose j*a + y = 4*a - 10, -2*a + 3*y = -22. List the prime factors of a.
2
Let o = 3 + 8. Suppose -4 = -2*t, q + 2*q - t = 7. Suppose q*i - o = 10. What are the prime factors of i?
7
Let x(m) be the second derivative of m**4/12 + 4*m**3/3 - 4*m**2 + 7*m. Let p be x(-9). Let h = p + 6. List the prime factors of h.
7
Suppose 7*d + 20 = 12*d. Suppose -d = -b - b. Suppose 27 - 111 = -b*n. List the prime factors of n.
2, 3, 7
Let n be -3*4/(-6) + 1. Suppose -2*m + m + 14 = 3*o, n*m = -3*o + 24. Suppose 2*x = -8 - 0, 59 = o*d + x. What are the prime factors of d?
3, 7
Let l = 148 - 134. Suppose l*x - 16*x + 462 = 0. What are the prime factors of x?
3, 7, 11
Let a(l) = l**3 - 4*l**2 + 2*l - 7. Let h be a(4). What are the prime factors of (-141)/h*6/54*-3?
47
Let i(m) = -354*m + 431. What are the prime factors of i(-9)?
3617
Let k = -94 + 203. Let z = k + -19. What are the prime factors of z?
2, 3, 5
Let j = 0 - -2. Suppose j*b - 75 - 39 = 0. List the prime factors of b.
3, 19
Suppose -111*r + 38*r = -93002. What are the prime factors of r?
2, 7, 13
Let x(q) = 3*q**2 + 10*q + 5. Let k(g) be the first derivative of 2*g**3/3 + 5*g**2/2 + 3*g - 3. Let w(u) = -5*k(u) + 3*x(u). List the prime factors of w(4).
2
Suppose 1100 = 2*r - 4*o - 678, 3*r - 2651 = -2*o. Suppose -7*j + 2*j + r = 0. Suppose -2*k + 125 = 4*c - 3*c, -3*k + 2*c = -j. What are the prime factors of k?
61
Suppose 1 = -2*i + 7. Suppose 0 = -0*g + i*g - 288. List the prime factors of ((-6)/(-4))/(36/g).
2
Suppose 3*j = -5*h - 8, -5*j + 4*h = -h + 40. Let l(c) = c**2 - c - 1. Let u be l(j). Let x = u - 18. What are the prime factors of x?
23
Let t = 48 - 45. Suppose s - t*s + 254 = 0. What are the prime factors of s?
127
Suppose a + 2*a + 9303 = 0. List the prime factors of 2*6/(-20) - a/35.
2, 11
Let n = 798 - 145. List the prime factors of n.
653
Suppose 5*f + 785 = 4605. What are the prime factors of 2/5 - -6*f/40?
5, 23
Let m(j) = 27*j - 3*j - 3*j. Let h be m(1). Suppose -63 = -4*q + h. List the prime factors of q.
3, 7
Suppose 92 = -10*s + 632. Let g = 180 - s. List the prime factors of g.
2, 3, 7
Suppose 4*n + 2*c = -322, -n = -0*c + 5*c + 94. Let o = n - -39. Let d = o + 70. What are the prime factors of d?
2, 3, 5
Let c = 82 - 218. Let i = c - -209. What are the prime factors of i?
73
Let f(m) = -4*m**3 + m + 2. Let w be f(-1). What are the prime factors of -5 - -5 - w/(5/(-282))?
2, 3, 47
Let i be (-2018 - (-2 + 3)) + 3. List the prime factors of ((-2)/6)/(21/i).
2
Suppose 0 = 9*o - 450 + 144. What are the prime factors of o?
2, 17
Let r(o) = o. Let t be r(7). Let d(h) = -h**3 + 10*h**2 - 15*h + 10. What are the prime factors of d(t)?
2, 13
Suppose 73*r - 50*r = 11454. List the prime factors of r.
2, 3, 83
Suppose -3*p = -8*p + 15, -m + 3*p - 6 = 0. What are the prime factors of m/(-24)*-4*146?
73
Let s = -45 - -47. Suppose v = -s*v + 3*g + 540, 180 = v - 2*g. What are the prime factors of v?
2, 3, 5
Suppose -5*o + 1852 = -2333. List the prime factors of o.
3, 31
Let t(b) = -b**3 - 6*b**2 + b + 10. Let p be t(-6). Let g be 0 + p - (5 - 3). What are the prime factors of 3143/63 + g/18?
2, 5
Let t(p) = 3*p**2 - 7*p + 2. Suppose -8*d + 4*d = -3*j - 25, -4*d + 22 = -2*j. List the prime factors of t(d).
2, 11
Let t be 550 + (4 - (-1 - -2 - -2)). Suppose 2*i + 0*d = -5*d + t, 4*d = -3*i + 823. List the prime factors of i.
3, 7, 13
Suppose -224*p + 230*p = 1512. What are the prime factors of p?
2, 3, 7
Let f(z) = z**3 + 22*z**2 - 23*z - 65. What are the prime factors of f(-18)?
5, 7, 47
Suppose -2*j = 6*j - 16. Suppose -j*m = -4, -m - 3*m = t - 174. List the prime factors of t.
2, 83
List the prime factors of 3 + (-39965)/(-45) - 2/18.
3, 11
Let u = 7 - 5. Suppose 10 = -5*i, -u*c + 3*i - 6 = -6*c. List the prime factors of (-1 - -2*c)*4.
2, 5
Suppose -2*q - 228 = 4*l, -3*q - 103 + 399 = -5*l. Let o = 163 + l. Let c = o - 75. What are the prime factors of c?
2, 3, 5
Let b be (-5)/(1/5 - (-72)/(-60)). Let m be 58/18 - (-2)/(-9). Suppose m*a + a - 36 = -3*g, g - a = b. List the prime factors of g.
2
Suppose k + 2 = 7. Let w(g) = -g**3 + 6*g**2 + 8*g - 5. What are the prime factors of w(k)?
2, 3, 5
Let k = 329 - 185. What are the prime factors of k?
2, 3
Let k = 5 + 0. Suppose 4*h + 283 = -k. List the prime factors of (-644)/(-18) + (-16)/h.
2, 3
Let p = 1804 + -656. List the prime factors of p.
2, 7, 41
Let v(x) = -61*x - 28. Let c be v(12). Let i = c + 1066. What are the prime factors of i?
2, 3, 17
Suppose 92*z - 57950 = 42*z. What are the prime factors of z?
19, 61
Suppose 0 = -5*f - k + 19, 5*f - 3*f - 3 = -5*k. Suppose -2*t = -0*b + b - 15, 0 = f*b - 12. List the prime factors of t.
2, 3
Let l = -25 - -27. Suppose 2*a = 4*n - 2, -l*n + 5 = 3*a - 4*n. Let p(u) = u**3 + 2*u**2 - 2*u - 3. What are the prime factors of p(a)?
2, 3
Let f(p) = -257*p + 52. What are the prime factors of f(-1)?
3, 103
Let z be 5/(120/4422) - 3/(-4). Suppose -t + s - 41 = -z, -s + 273 